?
-3220
In base 2, what is 10 + 10000?
10010
In base 5, what is -141 + -3?
-144
In base 15, what is -3 - -1?
-2
In base 12, what is b4a + 10?
b5a
In base 13, what is -446 + -9?
-452
In base 6, what is -14010 - 3?
-14013
In base 7, what is -20 - 2561?
-2611
In base 4, what is 31 - 22220?
-22123
In base 7, what is 5 - -5360?
5365
In base 15, what is 88 + -1?
87
In base 4, what is -11012 + 123?
-10223
In base 11, what is 2a3 - -4?
2a7
In base 3, what is 11 - 1122?
-1111
In base 14, what is 1d1 + -1?
1d0
In base 16, what is c + 50?
5c
In base 10, what is -6 + 1112?
1106
In base 11, what is 6 - -5a1?
5a7
In base 11, what is 46 - -53?
99
In base 10, what is -5 - 391?
-396
In base 14, what is 17 + 19?
32
In base 14, what is -67b + 13?
-668
In base 14, what is 28a - 5?
285
In base 2, what is -100 - 10110001?
-10110101
In base 11, what is 1 - 1a?
-19
In base 16, what is -4 - d5?
-d9
In base 16, what is -d6 + 1?
-d5
In base 9, what is -4445 - 2?
-4447
In base 5, what is 3002 + 12?
3014
In base 12, what is -140 - -a?
-132
In base 5, what is -2 + -4342?
-4344
In base 5, what is 1 - 3103?
-3102
In base 8, what is 1371 + 35?
1426
In base 8, what is 2 + 45?
47
In base 3, what is 2000 + -11?
1212
In base 12, what is -13 - 87?
-9a
In base 5, what is 124 - 10?
114
In base 10, what is 17264 + -5?
17259
In base 13, what is 2 + -93?
-91
In base 11, what is 5 + 101?
106
In base 9, what is -4 - -82?
77
In base 7, what is -1653 + 3?
-1650
In base 8, what is -3 + -7?
-12
In base 13, what is -11 - -bb?
aa
In base 14, what is 4 - 53c?
-538
In base 9, what is -1 - 7?
-8
In base 15, what is 5 + -2b7?
-2b2
In base 7, what is 113 + 52?
165
In base 10, what is 2 - 89?
-87
In base 7, what is -42 + -42?
-114
In base 14, what is -23 - 6?
-29
In base 6, what is -5 - -1523?
1514
In base 4, what is 10 + 1230?
1300
In base 12, what is 3 - 22?
-1b
In base 9, what is -166 + -5?
-172
In base 14, what is 2 + -60?
-5c
In base 3, what is 22022 + 11?
22110
In base 5, what is -213 + 11?
-202
In base 14, what is -2 + 6b?
69
In base 3, what is -1101 - 11?
-1112
In base 5, what is -1 - -144?
143
In base 5, what is -11 + -31?
-42
In base 10, what is -31 + -2?
-33
In base 9, what is 5 - -204?
210
In base 8, what is -155 + 7?
-146
In base 9, what is 2 + -30?
-27
In base 2, what is -101 + 110111?
110010
In base 6, what is -3 - -43?
40
In base 2, what is -100001 - 11?
-100100
In base 7, what is -6 + 35?
26
In base 6, what is 145 + 5?
154
In base 9, what is -21 + 1?
-20
In base 6, what is 0 - 14?
-14
In base 15, what is -d - -317?
309
In base 9, what is -173 - 16?
-200
In base 13, what is 3021 + -2?
301c
In base 12, what is -39aa + -2?
-39b0
In base 6, what is -4 - -1535?
1531
In base 15, what is 52 - -16?
68
In base 3, what is -200202112 - 11?
-200202200
In base 13, what is -57 + -3?
-5a
In base 7, what is 4 + 602?
606
In base 13, what is -108 + -5?
-110
In base 5, what is 0 + -1?
-1
In base 7, what is 124 - -11?
135
In base 11, what is 4 + -1a?
-16
In base 11, what is -10a - 3?
-112
In base 7, what is 103433 - -2?
103435
In base 11, what is -2 - 105?
-107
In base 13, what is -5 - -58?
53
In base 9, what is -1640 + 5?
-1634
In base 11, what is 2750 - -5?
2755
In base 8, what is -142 - 6?
-150
In base 6, what is -21 - -235?
214
In base 3, what is -202 + 2110?
1201
In base 16, what is 303d - 2?
303b
In base 11, what is 30 - 2?
29
In base 9, what is 4 + 141?
145
In base 5, what is 111 - 302?
-141
In base 13, what is 2c71 - 1?
2c70
In base 9, what is -11 - 286?
-307
In base 8, what is 11 + -26?
-15
In base 13, what is 174 + -3?
171
In base 10, what is -25 - 1?
-26
In base 7, what is -23064 + 1?
-23063
In base 3, what is -11010 + -2?
-11012
In base 2, what is -11 + -1010?
-1101
In base 7, what is -151 + -35?
-216
In base 16, what is c + 12?
1e
In base 3, what is 11122 + 0?
11122
In base 6, what is 2133 + -32?
2101
In base 2, what is -1 - -100100?
100011
In base 13, what is 5 - 39?
-34
In base 6, what is 11141 - -5?
11150
In base 13, what is -630b + -1?
-630c
In base 6, what is 23043 - -3?
23050
In base 3, what is -12 - -201?
112
In base 13, what is 1 + 10a0?
10a1
In base 4, what is 212 - 3310?
-3032
In base 13, what is -48 + 0?
-48
In base 11, what is 217 + 0?
217
In base 14, what is 6 + d1?
d7
In base 5, what is 30 + -112?
-32
In base 13, what is -124 + 2?
-122
In base 8, what is -5 + -245?
-252
In base 16, what is 1db + -3?
1d8
In base 9, what is -6 + -70?
-76
In base 15, what is -d9 + 2?
-d7
In base 11, what is -5 + -413?
-418
In base 13, what is b73 + 2?
b75
In base 8, what is -5 - 102?
-107
In base 13, what is 9 + 56?
62
In base 6, what is -15300 - 0?
-15300
In base 5, what is -1101 - -4?
-1042
In base 10, what is 232 + -3?
229
In base 2, what is 1001110 + 11101100?
100111010
In base 6, what is 5 + 232?
241
In base 6, what is 201 - -4?
205
In base 9, what is -3 + -71?
-74
In base 8, what is -71 - 71?
-162
In base 8, what is 14 - 12?
2
In base 12, what is -63 - -7?
-58
In base 6, what is 1035 - 145?
450
In base 2, what is 1110 + -100010?
-10100
In base 2, what is 101101 + -10?
101011
In base 11, what is -1 + -27?
-28
In base 5, what is 34 - -23?
112
In base 2, what is 111 + -110?
1
In base 10, what is -29 + -207?
-236
In base 5, what is 1100 - 0?
1100
In base 14, what is -3 + -2c24?
-2c27
In base 10, what is 5 + -4493?
-4488
In base 7, what is 4 - -224?
231
In base 15, what is -37c8 - -4?
-37c4
In base 9, what is 3434 - -5?
3440
In base 15, what is 22 + 10?
32
In base 13, what is 4 - 40c?
-408
In base 14, what is 26 + 2d?
55
In base 11, what is 6a56 - 4?
6a52
In base 6, what is 255 + 10?
305
In base 14, what is 11 + 2?
13
In base 2, what is 10 + -10001?
-1111
In base 2, what is 10 - 1001000?
-1000110
In base 13, what is 8c7 + 3?
8ca
In base 5, what is 3 - -2201?
2204
In base 11, what is 4 + -20a5?
-20a1
In base 4, what is 32213 - -23?
32302
In base 16, what is 9 - 208?
-1ff
In base 14, what is 2828 - 2?
2826
In base 2, what is 110110 - -11?
111001
In base 7, what is -2 - 402?
-404
In base 11, what is -11 - 1?
-12
In base 16, what is 8 - d?
-5
In base 6, what is 110 + -3?
103
In base 16, what is -50 - 1b?
-6b
In base 11, what is 2320 - -1?
2321
In base 5, what is 11 + -1044?
-1033
In base 2, what is 10100010111 + 0?
10100010111
In base 15, what is -1227 + 2?
-1225
In base 15, what is 1 + 9a?
9b
In base 12, what is -50 + -72?
-102
In base 3, what is 2 + -201122?
-201120
In base 11, what is -3 - 9a?
-a2
In base 12, what is -9 - -605?
5b8
In base 12, what is 2b + 5?
34
In base 15, what is 16 - a?
b
In base 5, what is -1 + 2214?
2213
In base 14, what is 10c - 44?
a8
In base 4, what is 21 + 103?
130
In base 2, what is 1010101 - -1?
1010110
In base 15, what is -5 + -34?
-39
In base 7, what is -3 + 22?
16
In base 12, what is -1 - -ba8?
ba7
In base 13, what is 12 - 281?
-26c
In base 10, what is -148 - -9?
-139
In base 3, what is 2 - 1212?
-1210
In base 2, what is -11111111 - -100?
-11111011
In base 15, what is 14b - -1?
14c
In base 6, what is 14015 - -2?
14021
In base 6, what is 5 - -1341?
1350
In base 6, what is 1 + 332?
333
In base 15, what is -537 + -7?
-53e
In base 6, what is 55 + 0?
55
In base 12, what is -3 + 74?
71
In base 14, what is -117 + 5?
-112
In base 13, what is 481 + -2?
47c
In base 6, what is 1425 + 143?
2012
In base 12, what is -1 - 51?
-52
In base 6, what is 14320 - -4?
14324
In base 9, what is -8 + -75?
-84
In base 3, what is -112 + -20?
-202
In base 10, what is -5 - 342?
-347
In base 10, what is 19914 + 1?
19915
In base 7, what is 4251 - -1?
4252
In base 3, what is -2 + -11101?
-11110
In base 2, what is 100010011101 - 11?
100010011010
In base 15, what is 4 - 1bb?
-1b7
In base 10, what is -32 + 305?
273
In base 11, what is 5 - -3?
8
In base 5, what is 11 - 11?
0
In base 4, what is 10 + 11123?
11133
In base 10, what is 33 - -14?
47
In base 9, what is 8143 - 5?
8137
In base 13, what is c + -6?
6
In base 9, what is -2 - -276?
274
In base 12, what is 21 - 8?
15
In base 16, what is 98 + -3?
95
In base 2, what is -11100 + -10001101010?
-10010000110
In base 10, what is 7279 + -3?
7276
In base 7, what is 1206 - -3?
1212
In base 15, what is -7 - -8?
1
In base 2, what is 110011001000 + -10?
110011000110
In base 13, what is -2 - 133?
-135
In base 8, what is 124 - 3?
121
In base 8, what is 65 + 